hat is m(o)?
-3
Let f(l) = -4 - l**3 + 8 - 8 - 6*l**2 - 1 - 8*l. Give f(-5).
10
Let o = -1 + -5. Let h(l) be the third derivative of l**6/120 + l**5/10 + l**3/3 - 4*l**2 + 11*l - 2. Calculate h(o).
2
Suppose 2*u - 6 + 0 = 0. Let w(r) = -5*r**u + 4*r**3 - 5 + 8 - 5*r**2 + 5*r. What is w(-6)?
9
Suppose -2*t = -2*j - 110, -2*t - 5*j = -13 - 62. Let o(u) = -2 + 3 + 49*u - t*u. Calculate o(0).
1
Let o(w) = w**2 - 7*w + 4. Suppose 10*k + 42 = 17*k. Give o(k).
-2
Let d(g) = -5*g**2 + 8*g + 13. Let a be 6/2*((-8)/3 - -1). Let u(c) = -6*c**2 + 8*c + 13. Let s(x) = a*d(x) + 4*u(x). Calculate s(10).
7
Let z(b) = b - 6. Let l be z(4). Let y(v) = 3 + 4*v - 6 + 4. Give y(l).
-7
Let s be (-180)/42 - (-4)/14. Let t(b) = b**2 + 2*b - 2. Determine t(s).
6
Let c(l) = l**3 - 5*l**2 - 2*l - 25 + 29 - 2*l**3. What is c(-4)?
-4
Let d(z) = -8*z - z - 3*z + 10*z. Let l = -690 + 694. Give d(l).
-8
Let x(m) = 19*m - 3 - 10*m - 10*m - 2 - 3. Let u(w) = -w**2 + 2*w + 2. Let c be u(4). Give x(c).
-2
Let n(p) = 3*p**2 - 19*p + 10 + 0*p**2 - 6*p**2 + 28*p. Let k(g) = 4*g**2 - 10*g - 11. Let j(y) = 4*k(y) + 5*n(y). Give j(-5).
6
Let y be 3/(-2) + -56 + 58. Let a(i) be the second derivative of -i + 0 - y*i**2 - 1/2*i**3. What is a(-2)?
5
Let w be (-3)/2 + 42/(-4). Let f be -21*(0 + 4/w). Let x(a) = 9*a + 2 - 1 - a + f*a. Determine x(-1).
-14
Let f(o) be the third derivative of -o**6/120 - o**5/15 - o**4/24 + o**3/2 + 65*o**2 - 1. Suppose 0 = -4*v + 1 + 7. Let n be -3 + -1 + v + -2. Determine f(n).
7
Suppose -12*y + 8*y + 2*i = 4, -y + 3*i + 9 = 0. Let z(l) = 2*l**2 + 3*l - 1. Determine z(y).
8
Suppose -2*w = 5*w - 238. Suppose -1 = 2*a - 9. Suppose 2*o + w = -5*p, 5*o = -2*p - 26 + a. Let r(i) = -i**3 - 7*i**2 - 6*i + 2. Determine r(p).
2
Let d(b) = 2*b - 2. Suppose 0 = -j + 12*j - 8*j. What is d(j)?
-2
Let q = -101/30 + 58/15. Let h(u) be the first derivative of -6 + 1/3*u**3 - q*u**2 + 3*u. Calculate h(0).
3
Let v(h) = 2*h + 6*h**2 - 1 + 17*h**3 + 26*h**3 - 42*h**3. Determine v(-6).
-13
Let u be 0 + ((-10)/3 - -4)*-3. Let t(z) = -15*z + 2. Give t(u).
32
Let v(l) = l**2. Let m be 6/(-4)*4/3. Let c(y) = y**3 + 2*y**2 + 3*y + 2. Let b be c(m). Let s be ((-2)/b)/(2/(-8)). Give v(s).
4
Let f = -276 + 275. Let w(b) = 4*b + 11. Determine w(f).
7
Let z(x) = 3*x**2 + 21*x + 8*x**2 + x**3 + 4833 - 4829. Give z(-9).
-23
Let i(o) be the third derivative of -o**4/24 - 3*o**3/2 + 2*o**2 - 14*o. Calculate i(-4).
-5
Suppose 0*k + 3*k + 6 = 0. Let r = k - -8. Let h be -3*(r/(-2) - -4). Let m(g) = g - 3. Calculate m(h).
-6
Let r(j) be the first derivative of -j**4/4 + 2*j**3 - j**2 - 6*j - 28. Calculate r(6).
-18
Let h = -11 + 15. Let l(o) = h*o**2 - 2*o - 7*o**2 + o**3 + 0*o**3 + 4. Suppose -2*y - 1 = 4*i - 17, y - 11 = -3*i. What is l(i)?
-2
Let r be (-4)/14 - (-32)/14. Let s(o) = 3 + o**2 - o + 2*o**r + o**2 - 5*o**2. Let c = -123 + 126. Give s(c).
-9
Suppose -g + 11 = -4*b, -2*b - 7 - 1 = 0. Let p(o) = 20*o**2 + 29*o + 4. Let q(r) = -7*r**2 - 10*r - 1. Let t(l) = -6*p(l) - 17*q(l). Determine t(g).
-12
Let m(f) = f**3 - 6*f**2 + 7*f + 2. Let k(v) = v**2 + v - 1. Let b be k(2). Let r be m(b). Let t = r - 10. Let i(s) = -s + 1. Calculate i(t).
-1
Let y(q) = -q**3 + 3*q**2 + 11*q + 1. Let m be y(5). Let l(s) = 2*s**2 + 7*s + 5. Let n(z) = -z**2 - z - 1. Let o(j) = m*n(j) + l(j). Determine o(1).
-4
Let h = -880 - -874. Let w(v) = -v - 2. Calculate w(h).
4
Let s(y) = 0 - 2*y**2 + y**3 + y**2 + 1 - y. Suppose -2*w + 23 = -3. Suppose -4 = -w*h + 15*h. Give s(h).
-9
Let a(j) = j**2 + 2*j + 1. Let s(f) = 5*f**2 + 14*f + 13. Let t(k) = -6*a(k) + s(k). Determine t(4).
-1
Let i(q) be the third derivative of -q**5/60 + 13*q**4/24 - 3*q**3/2 - 75*q**2. Calculate i(13).
-9
Let i = 52 + -48. Let s(k) = -3*k + 3. Give s(i).
-9
Suppose 21 = -4*b + 11*b. Let z(i) = 1 - 2*i + 5 - 8 + b*i. Give z(-7).
-9
Let q(f) = f**3 - 9*f**2 - 1. Let j = 258 - 249. Determine q(j).
-1
Let x(n) = 7*n + 24. Let r(c) = -12*c - 42. Let l(s) = 3*r(s) + 5*x(s). Give l(-5).
-1
Suppose -3*s + 107 - 43 = 5*p, 0 = p + 5*s - 26. Let r(h) be the first derivative of 3*h**2 + 3 + p - 2*h**2 - h - 5. Calculate r(4).
7
Suppose -2*o + 5*y = -15, y + 25 = 3*o - 30. Suppose b + u = 1 - 3, -5*u - o = 0. Let p(n) = 0 + n + 5*n - 2*n + 1 - n**2. Calculate p(b).
5
Let n(q) = -6*q - 95*q**2 + 97*q**2 + 5*q - 3. Determine n(2).
3
Let t(w) = -w - 1. Suppose 0 = -2*m + 26 + 30. Let c be m/(-6)*45/30. Calculate t(c).
6
Let l(b) be the second derivative of b**4/12 - 3*b**3/2 + b**2 - 17*b. Calculate l(8).
-6
Let q(i) = 12*i - 4*i**2 + i**2 - 2*i + 2*i**2. Determine q(6).
24
Let z(m) be the second derivative of -m**5/20 + 213*m. Let q = 20 + -18. Give z(q).
-8
Let a(x) be the third derivative of -x**4/24 + 17*x**3/3 + 66*x**2. Determine a(0).
34
Let o(b) = 1. Let w(l) = -l + 8. Let s = 79 + -78. Let r(y) = s*w(y) - 2*o(y). What is r(9)?
-3
Let i = 102 - 97. Let h(v) = -15*v**3 - 7*v**2 - 9*v - 2. Let p(l) = 8*l**3 + 4*l**2 + 5*l + 1. Let s(f) = i*p(f) + 3*h(f). What is s(-1)?
5
Suppose -3 - 9 = -4*r. Suppose r*f = -f + 20. Suppose f*v = 5*p - 25, 0*p - 3*p = 3*v - 15. Let z(y) = -y - 5. What is z(v)?
-5
Let r(w) be the third derivative of -w**5/60 + w**4/24 + 7*w**3/6 - 62*w**2. What is r(3)?
1
Let h(v) be the second derivative of 6*v - 1/3*v**3 + 0 + v**2. Calculate h(6).
-10
Let k(a) = a**2 + 5*a. Suppose -2*d - 3*g - 17 = 0, 26 = 3*d - 4*d - 5*g. Let b(w) = -4*w. Let f be b(d). Suppose y = -f*l - 12, 3*y + 2 = l + 18. What is k(l)?
-4
Let x(j) be the second derivative of j**5/20 - j**4/12 + j**3/6 - 17*j**2 - 2*j + 16. Give x(0).
-34
Let u = 40 + -37. Let p(s) = -3*s - u*s + 2 - 3*s + 4*s. What is p(-2)?
12
Let o(w) = -w**3 + 2*w**2 + 2*w + 5. Let j be o(3). Let u(k) = 0*k**3 - j*k**3 + k**3 - 5*k**2 - 3 - 1. Let x(q) = -4*q + 3. Let b be x(2). Give u(b).
-4
Suppose 22*n + 280 = 12*n. Let p be -6*(-16)/n*14/6. Let f(j) = -j**3 - 7*j**2 + 10*j + 2. What is f(p)?
-14
Let h(r) = 33*r - 71. Let o(p) = 14*p - 37. Let q(i) = 3*h(i) - 7*o(i). Determine q(-16).
30
Let m(a) = -6 + 4*a + 8*a**2 - 15*a**2 + 4*a**2 + 2*a**2. Let j(u) = 110*u**2 + u - 1. Let w be j(1). Let l be w/25 + (-8)/20. Determine m(l).
-6
Let f(i) = i + 1. Let s be f(-6). Let p(v) = 2*v**2 + 7*v + 9. Let a(k) = k**2 + 4*k + 5. Let o(g) = s*a(g) + 2*p(g). Calculate o(-5).
-2
Let s(a) be the second derivative of -a**5/20 + 5*a**4/12 + 3*a**2/2 + 66*a. What is s(3)?
21
Let h = -560 + 553. Let z(d) = -d**3 - 8*d**2 - 8*d + 6. Give z(h).
13
Let p(v) be the third derivative of v**6/120 + 7*v**5/30 - 2*v**4/3 - 5*v**3/3 + 38*v**2. Calculate p(-15).
5
Let q(w) = 5*w - 7 - 3*w - w - 2*w. Let f be q(-10). Let s be -5 - (f - (2 + 0)). Let k(c) = c**2 + 6*c + 2. What is k(s)?
2
Let j(m) = -m**2 - 6*m - 1. Let l be j(-5). Suppose -p - l*u + 31 = u, 0 = -3*p + 2*u + 8. Let o(s) = -9*s - 4*s - 2 + 12*s. Determine o(p).
-8
Let i(h) = -h**3 + 5*h**2 - 3*h - 2. Suppose -23*v + 3*v = -80. Calculate i(v).
2
Let b(r) = r. Let c = 99 - 86. Suppose -3*l - 3*f = 2*l - 19, c = -l + 5*f. Determine b(l).
2
Suppose 12 + 1 = -z - 5*f, 3 = -3*z - 3*f. Let o(i) = 2*i**2 - 13*i + 1. Let c(v) = 8*v**2 - 58*v + 5. Let a(s) = -2*c(s) + 9*o(s). Give a(z).
5
Let a(v) be the second derivative of v**6/720 + v**5/24 - v**4/4 - 3*v. Let q(n) be the third derivative of a(n). Let j = -117 - -111. What is q(j)?
-1
Suppose -12*l = -l. Let s(v) = v**3 - v**2 + v + 2. Calculate s(l).
2
Let q(l) = 2*l + 1. Let u be q(-3). Let a(m) = -2 + 30 + m**3 + 5*m - 32 + 6*m**2. Calculate a(u).
-4
Suppose 20 = d + 8. Let g(l) = -1 + l**3 - 9*l**2 + 17*l**2 - d*l**2. Suppose 2*j = 2*o + 10, 4*j - 2*o - 4 = 5*j. Calculate g(j).
-9
Let x(q) = -17*q. Suppose 54*n = 75*n - 21. Determine x(n).
-17
Let a be (-749)/(-105) - (-8)/(-60). Let c(j) = j - 10. Determine c(a).
-3
Let w(f) = f**2 + 154 - 150 - 5*f + 11*f. Suppose -6*y = -y + 15. Let s(x) = -x**3 - 4*x**2 - x. Let q be s(y). Give w(q).
4
Let r(n) be the second derivative of n**4/12 + 5*n**3/2 + 9*n**2 + 56*n + 5. What is r(-13)?
-8
Let w(z) = 2*z**3 - 5*z**2 + 20. Let g(k) = k**3 + k**2 + 4*k - 1. Let y(f) = g(f) - w(f). Calculate y(6).
3
Let k(p) be the third derivative of -1/120*p**6 + 1/2*p**3 + 1/12*p**4 + p**2 - 1/60*p**5 + 0 - p. Calculate k(-2).
3
Let l(y) = -y**2 + y - 2. Let s = -5 -